e of -v**6/120 + v**5/15 + 7*v**4/24 - 5*v**3/6 - 2*v**2. What are the prime factors of m(4)?
23
Suppose -3*k = 3*d - 4*k - 3, -5*d - 3*k + 19 = 0. Suppose -2*y = -j - 21, 6*y + d*j - 62 = 2*y. What are the prime factors of y?
13
Let c = 585 + -322. List the prime factors of c.
263
Let k(x) = -7*x**2 + 8*x**2 + 7 - 4 - 2*x. Let t(p) = -p**3 - p**2 + 3. Let v be t(0). List the prime factors of k(v).
2, 3
Let o = 0 + 36. List the prime factors of o.
2, 3
Let k(y) = 5*y + 1. Suppose 0 = -5*c + 2 + 28. List the prime factors of k(c).
31
Suppose 0 = -5*g + 2*p + 127, 2*g - p - 52 = -1. List the prime factors of g.
5
Suppose 2*b = 3*v + 46, -3*b - 69 = -6*b + 3*v. What are the prime factors of b?
23
Let a = 83 - 122. Let h = -25 - a. What are the prime factors of h?
2, 7
Suppose 2*h = 5*j + 3*h - 214, -2*j + 3*h = -89. Let n = j - 21. List the prime factors of n.
2, 11
Suppose -8*x = -3*x - 30. Suppose -h - 40 = -x*h. List the prime factors of h.
2
Suppose 2*h = 3*m - 11, h - 6 = -3*m + 20. Let t(r) = r + 9. Let k be t(m). Suppose 17 = 3*w - k. What are the prime factors of w?
11
Let s = 0 + 0. Suppose i + 5*v - v = 0, s = i + v. Suppose -4*t + i*t - 3*y = -40, -3*t + 35 = y. What are the prime factors of t?
13
Let q(i) = i - 1. Let r(t) = 5*t - 3. Let y(v) = -2*q(v) + r(v). Let b be y(5). Suppose -3*k = -g + b, 5*g + k - 32 = 6. List the prime factors of g.
2
Let y be 1 + (-1 - 0)*80. Let u = -147 - y. What are the prime factors of 2/10 + u/(-10)?
7
Suppose 2*f = -2*f. Suppose 3*b + 9 = 6*b, -4*k - 2*b + 54 = f. What are the prime factors of k?
2, 3
Suppose -h - c = -4*h + 47, 90 = 5*h - 4*c. Suppose 26 = -5*l - h. Let s = -5 - l. List the prime factors of s.
3
Let a be (0/6)/(5 + -2). Suppose -2*p + 74 - 28 = a. What are the prime factors of p?
23
Suppose -4*o - o = -15. Suppose -o*t = t - 120. List the prime factors of t.
2, 3, 5
Suppose 18 = 5*p - 3*p - 2*w, w = 5*p - 45. List the prime factors of p.
3
Suppose -180 = -7*s + 4*s. List the prime factors of s.
2, 3, 5
Let t(h) = -15*h - 14. List the prime factors of t(-4).
2, 23
Suppose 4*b = 2*q - 52, 3*q - 4*b - 63 = -b. Let n = q + 4. What are the prime factors of n?
2, 5
Suppose 2*r + 7 = 23. Suppose 0*g + r = -4*g. Let x = g + 5. What are the prime factors of x?
3
Suppose -r - 1064 = -4*w - 196, 5*r = 0. List the prime factors of w.
7, 31
Suppose 118 = -b + 123. Let q(h) = -h**3 + 2*h**2 + 5*h - 3. Let c be q(3). Suppose -c*u + 55 + 25 = b*g, -3*g + 92 = 4*u. What are the prime factors of u?
2, 5
Let o(q) = -2*q + 6. What are the prime factors of o(-11)?
2, 7
Suppose r + 2*h - 5 = 0, 0 = -2*r - 5*h + 11. Let d be (-546)/(-15) - 2/5. Suppose 0 = -b - r*b + d. List the prime factors of b.
3
Suppose -2*q + 0*q = -8. Suppose 3*z + 9 = q*z. What are the prime factors of z?
3
Suppose -4*m + m + 156 = 0. Let p = m - 29. What are the prime factors of p?
23
Let o = -9 + 14. Suppose -5*z = -3*x - 149, -o*z = x - 103 - 34. List the prime factors of z.
2, 7
Let n(c) = -10*c - c**3 - 3*c**2 + 8 - 7 + 13 - 9*c**2. List the prime factors of n(-11).
3
What are the prime factors of 18 - 15 - (-168)/2?
3, 29
Let s = -173 - -327. List the prime factors of s.
2, 7, 11
Let g be 40/18 + (-6)/27. Suppose 3*i = g*s + 16, -2*i + i + 4*s + 22 = 0. What are the prime factors of i?
2
Let h(l) = l**2 + 24. What are the prime factors of h(0)?
2, 3
Suppose n = 2*m - 2*n - 61, -82 = -4*m - 2*n. Let v = 49 - m. List the prime factors of v.
2, 13
Let j be ((-3)/6*26)/(-1). Let n = j + 11. List the prime factors of n.
2, 3
Let a(u) be the second derivative of -3*u**5/20 - u**4/4 - u**3/2 + 3*u. List the prime factors of a(-2).
2, 3
Let a(o) = -o**3 - 10*o**2 - o + 7. Let v = 5 - 18. Let x = 3 + v. List the prime factors of a(x).
17
Let f(l) = -l**3 + 4*l**2 + 7*l + 1. Let c = -7 - 7. Let y be (-33)/(-7) + (-4)/c. List the prime factors of f(y).
11
What are the prime factors of (-506)/(-7) + (-34)/119?
2, 3
Let h = -13 + 55. Suppose -h = -3*c - 0*c. List the prime factors of c.
2, 7
Let p = 13 - 9. Let r(l) = -l**3 + 5*l**2 - 5*l + 8. What are the prime factors of r(p)?
2
Suppose 4*a + j = 51, -3*a + 4 + 33 = 2*j. List the prime factors of a.
13
Let g(c) = -c**2 + 5*c - 1. Let h be g(5). Let y be h/(-4) - 21/(-12). Let s = 9 - y. List the prime factors of s.
7
Let q(r) = -2*r - 6. Let b be q(-5). What are the prime factors of (-19)/(-2*b/8)?
19
Let v(l) = 6*l - 8. What are the prime factors of v(10)?
2, 13
Suppose 3*s + 2*m + 1 = -0, -m - 5 = 0. What are the prime factors of s?
3
Let x(t) = 3 - 5*t + 0 - 5. What are the prime factors of x(-3)?
13
Suppose 0 = 2*t - 5*p - 325, 2*t + 349 = 4*t + 3*p. List the prime factors of t.
2, 5, 17
Let g = 157 - 108. List the prime factors of g.
7
What are the prime factors of (-1)/4*-2*20?
2, 5
Let s(z) = 9*z**3 - z + 1. Let k be (6 - 4)*(-1)/(-2). What are the prime factors of s(k)?
3
Let b be -2 + (-4 - -8) + -1. What are the prime factors of ((-14)/4)/b*-8?
2, 7
Let s = -6 - -11. Suppose -c = -b - 7, -5*b - 30 = c - s*c. Suppose -c*w = -2*z + 19 + 3, 5*w - 44 = -4*z. List the prime factors of z.
11
Suppose 4*t + 11 = 3*t - 3*r, 0 = -4*t - 3*r + 1. Suppose t*p = -2*z + 50, -3*z + 20 = p - z. List the prime factors of p.
2, 5
Suppose -3*d = -5*v - 58, 0*d = -2*d - 2*v + 28. Suppose 5*p + 3*a = 90, -4*p - d = -4*a - 88. List the prime factors of p.
2, 3
Suppose 4*o - 228 = -0*o. List the prime factors of o.
3, 19
Suppose -619 = -5*x - 189. List the prime factors of x.
2, 43
Suppose 122 + 151 = 7*n. List the prime factors of n.
3, 13
Let v be 12/(-54) + (-184)/(-18). Let y = v + -3. Suppose -5*w + 92 = y. List the prime factors of w.
17
Suppose -3*u + 2*f - 17 = -4*u, 0 = -2*u + f + 19. Let b(t) = t - 27. Let w be b(u). List the prime factors of (28/w)/(1/(-4)).
7
Let b = 182 + -127. What are the prime factors of b?
5, 11
Suppose 0 = -3*h + 3*m + 6, 14 = h - 4*m - m. Let n be 3 + (h*3 - -2). Suppose 0 = -3*o - n + 23. What are the prime factors of o?
7
Suppose -5*k + 74 = -f - 67, 3*f - 12 = 0. What are the prime factors of k?
29
Suppose -8 = 5*h - h. Let j be h/(-4)*(7 - 3). Suppose j*q = q + 2. List the prime factors of q.
2
Suppose -7 = -k - 1. What are the prime factors of k*(-1)/(-2)*1?
3
Suppose r - 20 = -4*r. Let x = r + -2. What are the prime factors of x?
2
Let z(p) = -p**2 - p + 10. Let w(t) = -t**2 + 7*t + 8. Suppose -2*n + 11 = -5. Let s be w(n). List the prime factors of z(s).
2, 5
Suppose 0*o - 7 = -4*o + 5*u, -5*o + u + 14 = 0. Suppose 4*j = 16, -h - o*j + 22 = -j. List the prime factors of h.
2, 7
Let u(y) = y**3 - 2*y**2 - 5*y + 3. Let n(a) = -a**2 + 6*a - 5. Let i be n(4). Let v be u(i). Let p = 11 + v. What are the prime factors of p?
2
Let o(m) = 2*m**3 - 5*m**2 + 4*m + 2. Suppose 4*s + 3*n - 17 = -1, -3*s + 5*n + 12 = 0. Let q be o(s). What are the prime factors of q/9 - (-4)/6?
2
Let y(w) = -w**3 - 18*w**2 - 4*w + 3. What are the prime factors of y(-18)?
3, 5
Let i be 4*(-3)/((-24)/22). Let z be 1/((5 - 4)*1). What are the prime factors of (z*(i + 3))/2?
7
Let q(l) = -l**2 - 11*l + 2. Let r(n) = 3*n**2 + 32*n - 6. Let g(x) = -17*q(x) - 6*r(x). Let s be (-20)/6 + (-4)/6. What are the prime factors of g(s)?
2, 3
Suppose 19 - 4 = b. List the prime factors of b.
3, 5
What are the prime factors of (-322 + 19)*2*1/(-3)?
2, 101
Suppose 5 = q - 6. What are the prime factors of q?
11
Suppose 0 = -4*s + 672 + 312. What are the prime factors of s?
2, 3, 41
Let l be 3 + 0 - 1 - -2. Let n(w) = w**3 - w**2 - l*w + 3 + 0 + 2 - 4. List the prime factors of n(3).
7
List the prime factors of (-186)/24*3/((-9)/12).
31
Let v = -6 + 10. Suppose 2 = -v*u + 10. List the prime factors of (10/u*-2)/(-1).
2, 5
Suppose 0 = 2*r + 3*r + 4*n + 8, -8 = 3*r + 4*n. Suppose v - 6*v + 20 = r. Suppose 2*l + v = 5*m, -l = l - 6. List the prime factors of m.
2
Let k(z) = -2*z - 11. Suppose 2*c + 3*c = 2*l - 58, -3*c - 22 = 2*l. What are the prime factors of k(c)?
3
Let k(m) = -m**3 - 4*m**2 - m + 1. Let r be (-1)/2 - (-7)/2. Let x = -7 + r. What are the prime factors of k(x)?
5
Let j(o) = 6*o - 27. List the prime factors of j(6).
3
Suppose -3*x = -5*x + 160. List the prime factors of x.
2, 5
Suppose -2*u - 11 = 4*v - 3, -v - 2 = 0. Suppose u*n = 2*n. Suppose n*q + 54 = 4*q + 2*b, 69 = 5*q + b. What are 